a be j(5). Calculate the highest common divisor of 40 and a.
8
Suppose -3*p + 2 = -p. Calculate the greatest common factor of 11 and p.
1
Suppose -319 = -2*c - 3*l, -c + 31 = -l - 121. What is the greatest common divisor of c and 31?
31
Let l = -3 - -6. Suppose 0 = -p + l - 0. Suppose p*s = 5*s - 252. What is the greatest common divisor of s and 14?
14
Let q(s) = -20*s + 1. Suppose 0 = 5*c + 18 + 2. Let m = c - -3. Let t be q(m). Calculate the greatest common factor of t and 7.
7
Let r = 277 + -167. Let f be 2/3 + r/6. What is the greatest common factor of f and 133?
19
Let n = 52 + -15. Calculate the highest common factor of 111 and n.
37
Let s = -5 - -30. Calculate the highest common divisor of s and 175.
25
Suppose -14*x - 20 = -48. Calculate the highest common divisor of x and 1.
1
Let j(s) = 0*s**2 - 1 + 6*s - 4*s + 4*s**2 + 2. Let o be j(-2). Calculate the greatest common factor of 78 and o.
13
Let y be 3*4/3 + 2. Suppose 6*l - 4*l - y = 0. Suppose -4 = -0*w - 2*w. What is the highest common factor of l and w?
1
Let g be 40/140 - (-234)/14. Calculate the greatest common divisor of 17 and g.
17
Let l(x) = 15*x - 2. Let f be l(1). What is the greatest common factor of f and 13?
13
Suppose -r = -2*r. Let m = 1 - r. Suppose 5 = w + m. Calculate the greatest common divisor of 10 and w.
2
Let p be 8/20 - 668/(-5). Let t = -50 + p. What is the highest common divisor of t and 12?
12
Let k(r) be the second derivative of r**4/12 - r**3/2 - r**2/2 - 5*r. Let u be k(5). What is the greatest common divisor of 72 and u?
9
Let x(r) = r. Let s be x(8). Let k(w) = w**3 - 9*w**2 + 9*w + 7. Let i be k(s). What is the greatest common factor of 15 and i?
15
Let j = -34 - -53. What is the highest common divisor of 95 and j?
19
Let k = 7 - -68. What is the highest common divisor of k and 15?
15
Let p be 0 + 1 - (-154)/2. Suppose -p = 5*n - 7*n. What is the greatest common divisor of 26 and n?
13
Suppose 0*g - 2*g = -40. Let q(z) = 14*z. Let h be q(2). Let k = h - g. Calculate the greatest common factor of 72 and k.
8
Let u(j) = -9*j + 3. Let l be u(-6). Let p be -2 + l - (0 - 1). What is the highest common factor of 8 and p?
8
Let u be 5*((-8)/5 + 2). Let v(l) = 3*l**2 - 7*l - 1. Let i be v(6). Suppose 25 + i = u*n. Calculate the highest common factor of n and 15.
15
Let p(f) = -f**3 - 4*f**2 - f - 4. Let b be p(-4). Let y(w) = b + 8 + w - 7*w. Let c be y(-6). What is the greatest common divisor of c and 4?
4
Suppose -43 = -5*b + 32. What is the highest common factor of b and 6?
3
Let i = 9 - -19. Suppose 2*j - 2*s = -3*s + i, -j + 24 = 3*s. Let m(z) = z**3 + 8*z**2 + 6*z - 3. Let x be m(-7). What is the highest common factor of j and x?
4
Let f(y) = -y**3 - 8*y**2 - 7*y + 4. Let l be f(-7). Calculate the greatest common divisor of 5 and l.
1
Suppose -n + 17 = -3*j, 4*n + 4*j - 143 = j. Calculate the greatest common divisor of n and 80.
16
Let c(j) = j**3 - j**2 - 5*j + 2. Suppose -11 = -2*k - 3. Let v be c(k). Suppose 0 = -5*r + 75 - v. What is the greatest common divisor of r and 63?
9
Suppose 2*y + y + 5*t = 37, 4*y = -5*t + 56. What is the greatest common divisor of y and 209?
19
Suppose 3 = p + 1. What is the greatest common divisor of p and 2?
2
Let p(n) = -22*n**2 - 4. Let x be p(3). Let d be 4/(-18) - x/18. Calculate the greatest common divisor of 55 and d.
11
Let z(s) = -4 + s**3 + 4*s + 0*s**2 - s - 3*s**2 + 0*s. Let l be z(3). Calculate the highest common factor of 25 and l.
5
Let m = 60 + -58. What is the highest common divisor of 8 and m?
2
Suppose b + 44 = 2*f + 6*b, 3*f + 5*b - 61 = 0. Calculate the highest common divisor of f and 34.
17
Let p = -30 - -36. Calculate the highest common divisor of 6 and p.
6
Let d = 3 + 3. Let w(l) = 10*l + 4. Let v be w(d). Calculate the highest common divisor of v and 8.
8
Let m = 35 + -2. What is the greatest common factor of 55 and m?
11
Let s(n) = -15*n + 2. Let r be s(-1). Calculate the greatest common divisor of r and 68.
17
Let i be 4/2*30/12. Suppose 4*w = 3*d + d + 24, 2*d = w - 9. Let f(c) = -c**2 + 2*c + 4. Let b be f(w). What is the greatest common factor of i and b?
1
Let h(p) = p. Let x(w) = w**2 - 3. Let b(u) = 2*h(u) + x(u). Let j be b(2). Suppose -j*k + 13 = -7. Calculate the highest common factor of 6 and k.
2
Suppose -114*x = -111*x - 18. Let m be 6*-6*4/(-3). What is the greatest common factor of m and x?
6
Suppose -2*r = -0*r + 2*c - 38, 0 = r - c - 17. What is the greatest common factor of r and 36?
18
Suppose 7 = q + 6. What is the highest common divisor of 8 and q?
1
Suppose -n + 3*n = 0. Let t be 10/(n + (2 - 4)). Let r be (1 + -2 - 1)*t. Calculate the highest common divisor of 110 and r.
10
Let o(m) = -m**2 + m + 2. Let s be o(3). Let k be (0 + 3)*(-1 - s). What is the greatest common divisor of k and 81?
9
Suppose s + 48 = -5*b - 0*s, 0 = 5*b - 4*s + 33. Let c be (0 - b)*(-1)/3. Let w be (c/1)/((-3)/10). Calculate the highest common factor of w and 2.
2
Let y = 399 - 199. Calculate the greatest common divisor of 25 and y.
25
Suppose -3*c + 62 = 2*l - 0, c = l - 21. What is the greatest common divisor of 10 and l?
5
Let q(x) = 4*x**3 - 2*x**2 + 2*x - 1. Let m be q(1). Suppose 2*n - 9 = -m. What is the highest common factor of n and 1?
1
Let s = 15 + 57. What is the highest common divisor of s and 9?
9
Let a(c) be the second derivative of -c**3/3 - c**2/2 - 2*c. Let v be a(-3). Suppose 0 = -10*s + v*s + 80. What is the greatest common divisor of 8 and s?
8
Suppose -5*p - c + 26 = 1, 4*c = 0. Let d = -3 + p. Suppose -3*r + 46 = -5*l, r - 58 = -2*r + 2*l. What is the greatest common factor of d and r?
2
Let b(i) = 7*i**3 - 4*i**2 + i + 2. Let x be b(2). Suppose -x = 8*y - 10*y. What is the highest common divisor of y and 110?
22
Let h be (-2)/(4/2) - -1. Suppose 3*j = 2*l + 4 + 8, 15 = -5*l. Suppose -j*r + 3*r - 4 = h. Calculate the greatest common divisor of r and 12.
4
Let h be (-26)/6 - (-2)/(-3). Let r be 122/(-10) - 1/h. Let m be r/18 + 5/3. Calculate the greatest common divisor of 1 and m.
1
Let l(v) = v**2 + 6*v - 16. Let i be l(-8). Let k be (i - -1)*(21 - 6). Calculate the greatest common factor of 90 and k.
15
Let y(z) = -8*z - 1. Let s be y(-11). Let v = s + -46. Suppose 3*b - 206 + v = 0. Calculate the highest common divisor of b and 22.
11
Suppose -v = 2*t - 7, -t + 6*t = -2*v + 15. Let b be (v/(-2))/(1/(-26)). Calculate the highest common factor of 13 and b.
13
Let l be (6/(-8))/(5/(-300)). Suppose 0 = -4*u, -3*c + 4*u + l = 3*u. What is the greatest common divisor of 6 and c?
3
Let a(n) = n**2 + 7*n + 8. Let r = 4 + -10. Let s be a(r). Suppose s*u - 40 = -0*u. Calculate the highest common factor of 8 and u.
4
Let w(v) = 3*v**2 - 4*v + 1. Let d be w(2). Calculate the highest common divisor of d and 45.
5
Let w = 25 - 17. What is the highest common divisor of w and 8?
8
Suppose 2*s + 4*o - 15 = 7*s, -4*o = 0. Let i be -2 + (-2 - 7)/s. Suppose 2*h - 3 = -a, -5*a - h = -9 - 15. What is the highest common divisor of i and a?
1
Let d(p) = -5*p + p + 4*p + 2*p + 7. Let c be d(9). What is the highest common divisor of c and 5?
5
Let a(i) = 3*i**2. Let d be a(-1). Let x be -3 - (0/d - -1). Let w(m) = m**2 - m - 2. Let r be w(x). What is the highest common factor of 6 and r?
6
Suppose -3*k - 2*k - 10 = 0. Let u be 25/15 - k/(-3). Let n be u - -1 - (1 + -104). Calculate the greatest common divisor of n and 15.
15
Suppose 5*s + w - 68 = 0, -4*w = -5*s - 6 + 59. Calculate the highest common factor of s and 325.
13
Let n be 3/2*(-1036)/21. Let x be n/(-12) + (-5)/30. What is the greatest common divisor of x and 18?
6
Suppose 0 = 4*f + 2*s - 18, s + 52 - 12 = 5*f. Let u = -2 + f. Suppose u*a - 18 = -3*k, 0*k - 22 = -3*a + k. What is the highest common factor of a and 3?
3
Let a be -3 + 1 + 5 + 33. Suppose 3*h = 10 + 17. Suppose -2*b - 3*p + h = 0, -p + 0 = 5*b - 42. What is the highest common factor of b and a?
9
Let j be (1 - -64) + (1 - 1). Let a(b) be the first derivative of b**3/3 - 9*b**2/2 + 4*b + 8. Let f be a(11). Calculate the highest common factor of f and j.
13
Let m = -33 - -54. What is the highest common factor of m and 7?
7
Let u(g) be the second derivative of g**4/6 + 3*g**2/2 + 7*g. Let d be u(-3). Calculate the highest common factor of 168 and d.
21
Let j(g) = g**3 + 3